- -176).
123
What is the value of 50 - (124 - 79) - (-30 - 2)?
37
-11 + (-36 - (-1 - 19)) + 12
-15
Calculate 0 - (33 - -88 - (-10 + 14)).
-117
Evaluate -6 + 25 + 136 + -133.
22
What is the value of 13 + 10 + -16 + -19 - -12 - (1 - 16)?
15
-6 + -2 - ((-22 - -21) + -1)
-6
What is 7 - (25 - (-14 + 14 - -11) - 32)?
25
Evaluate 72 - ((4 - 2) + 684 + -674).
60
What is the value of -36 + (19 - 9) + 15 - (-1 + -19)?
9
What is 6 - ((-9 - -8 - -17 - 4) + -13)?
7
-82 + 128 + (-24 - -44)
66
Calculate -9 + 46 + -68 - 63 - (-1 - 2 - -2).
-93
What is (12 - 7 - -9) + 1 - (-60 + (7 - -5))?
63
Evaluate 116 + (-29 - 6) + -138.
-57
What is -5502 + 5540 - (88 + 3)?
-53
Calculate -60 - (-14 + (75 - 53)).
-68
2 - -2 - (-83 + 155 + -3 + -1 + -5)
-59
What is the value of (-14 - -19) + (-3 - (-8 - -8) - -73 - 0)?
75
What is the value of 32 + (-45 - -2) + -13 + -6?
-30
What is the value of -6 - (11 + -10 - (-2 + 19)) - 12?
-2
What is -33 - ((7 - (-22 - -5)) + -53)?
-4
What is the value of 7 + -2 + -12 + (6 - 5) - (-90 + 32)?
52
Evaluate -72 + 12 + (77 - 49).
-32
What is the value of 37 - (-10 + -2 + 66 + -19)?
2
What is -11 + -2 + -12 + 13 + (-25 - -14 - -21)?
-2
What is 60 + (-8 - (1 - 13)) + -16 + -11?
37
Evaluate (8 + -14 - (-43 + 167)) + 35.
-95
What is -59 + (124 - 68) - 125?
-128
Evaluate (1 - (8 + -2) - (2 - (-3 - -5))) + 26.
21
Evaluate (-681 - -694) + (-39 - -3) + -3.
-26
What is (23 - 11 - (-1 - -22)) + 0 + -1 + 5?
-5
What is 3 + (-1 - 5 - (8 + -40 + 18))?
11
Evaluate -2 + -22 + 43 + -55 + -8 + (-2 - 0).
-46
Evaluate 2 + 6 + (-7 - -3 - -4) + 1.
9
Evaluate 31 + 70 + -90 - 3.
8
Calculate 14 - (60 - 30) - (9 - 24).
-1
What is the value of (1 + -2 - -126) + (-42 - (13 - 67))?
137
Evaluate -52 + (-4 - (-5 - 10) - (-6 + 22)).
-57
What is -51 - -1 - (-10 - (-1 + -8 + -5))?
-54
What is the value of 2 - (22 - (8 - 0) - (-2 - -10)) - 30?
-34
Evaluate (-1 + 33 - -1) + (54 - (66 + -4)).
25
What is the value of (-6 + (6 + -9 - -22) - (40 + -25)) + -6?
-8
Evaluate 20 + -48 + (9 - -4) + -11 + (-2 - 6).
-34
Evaluate (-5 + 5 - (28 - 1)) + (0 - (-7 + -3)).
-17
What is 153 + -311 - (-33 + -1) - (0 + (6 - 0))?
-130
Evaluate 147 - (138 + -38 + 64).
-17
What is (-1 + 1 + -10 - -1) + (300 - 519) + 213?
-15
What is the value of -94 + (26 - 28) + 5 + -2?
-93
Calculate (0 + -33 + 42 - (1 - 4)) + -56.
-44
2 - (30 - (36 + -32))
-24
What is the value of (1 - 16) + (-1050 - -1117)?
52
Evaluate -10 + -10 + 52 + -7 - -11 - -9.
45
What is the value of -12 + (9 - (21 - (-2 + -7)))?
-33
Calculate (-18 - -12) + -124 + (142 - 133).
-121
Calculate 24 - (24 - -8 - -30).
-38
What is 1 + 2 - -36 - 40?
-1
What is the value of -207 + 157 - (8 + -8)?
-50
What is (15 - -12) + -33 + 12 - -20?
26
-13 - (1 - ((-6 - (-5 + 12)) + (24 - 14)))
-17
11 + (29 - (-50 - -121))
-31
(-3 - -1 - 21) + -1147 + 1143
-27
-3 + 7 + -1 - -1 - -5 - 21
-12
What is 191 - 295 - (-4 + 0 - -41)?
-141
(-15 - (10 + 4 - 22)) + 18 + -21 - -111
101
Evaluate 56 - 40 - 19 - -46.
43
What is the value of -119 - -218 - 95 - 27?
-23
77 + -44 + -4 - -24
53
Evaluate (-26 + 64 - 9) + -24.
5
Calculate (3 + 0 - (14 - 20 - 2)) + -104 + 2.
-91
What is the value of (3 - 0 - (195 + -224)) + 51 + -72?
11
Calculate 60 + (-176 - -75) - -22.
-19
Evaluate -10 + 48 + -42 - (5 - 4 - 6).
1
Evaluate -2161 + 2237 + (-76 - 4).
-4
What is the value of -65 - (14 + -26 + (-14 - -23))?
-62
What is (-78 - -40) + -21 + 38 - -42?
21
Evaluate 3242 + -3253 + 1 + 17.
7
Evaluate 664 + -607 + 2 + (-2 - 0) + -11.
46
Calculate 31 + (16 + -5 - -3) + -13 + -8.
24
Calculate 1 + -10 + -10 + 17 + -5 - 23.
-30
What is the value of -1 + (2 + (1 - 5) + 9 - (-5713 - -5721))?
-2
What is the value of -7 - ((19 - -1) + (-120 - -103) - (10 + 3))?
3
Evaluate -44 + 32 + 7 + 44.
39
What is the value of (87 - 212 - -44) + 54?
-27
Calculate (-3 - 8) + 21 + (-11 - -4) + 1 - -15.
19
What is the value of 91 + 21 + (-9 - 1 - (-327 - -335))?
94
-23 + 10 + (-13 - (11 - 15))
-22
Evaluate 9 + (-13 - -11) + -3 + -6.
-2
What is the value of -164 + 178 - (-7 - (0 + -4))?
17
(11 - -2) + (-2 - 38) + (-5 - (-2 - -2))
-32
What is the value of (18 + -23 - -14) + -69?
-60
What is (7 - 154) + (12 - 3 - (-50 + -40 + 84))?
-132
17 + 29 + -14 + -3 + 2
31
Evaluate (14 - 11 - (0 + -2 + -5)) + -200 + 202.
12
Evaluate 83 - (28 + (-37 - (17 - 47))).
62
Evaluate 0 + (-38 - -2) - (-176 + (28 - -132)).
-20
What is -18 - (-41 - (-14 + -1)) - -13?
21
Evaluate 19 + (-14 - (-83 + 118)).
-30
What is 6 + (-31 - -74 - 14)?
35
What is 1 + ((-7 - 42) + -35 - (-2 - (4 - -4)))?
-73
What is (11 - 7) + -18 + (-42 + (-10 - -34) - -8)?
-24
What is the value of 14 + 3 + -5 + -3 + (-3 - -7)?
13
Calculate -148 - (-35 + (-3 - 37)).
-73
-4 + (3 + 0 - (38 - (16 - (-4 + 11))))
-30
What is the value of -63 + -72 + 342 + -106?
101
What is the value of 1 + 2 + -1 + 795 + -789 + (23 - 0)?
31
What is the value of -23 - (-21 + 13 - 1) - -30?
16
What is the value of (4 - 1 - 91) + -41 + (10 - -44)?
-75
What is the value of (-3 - (-7 + 8)) + 22 + 18 + -42 + -136?
-142
Evaluate (-1 + 8 - (135 - 147 - (-1 - -34))) + 3.
55
What is -3 + (2 - -68) - (1082 + -1062)?
47
What is the value of (-72 - 1) + (166 - (165 + -29))?
-43
What is the value of (131 - 1) + (268 - 429 - -130)?
99
Calculate -2 + (-16 - (20 + -20 + 14)).
-32
Calculate 55 + -1 + -9 - (-35 + 40).
40
What is the value of -6 + -1 + -13 - 27?
-47
Evaluate 5 - ((-4 - 2) + (-4 - (-29 - -14)) + 43).
-43
What is the value of 81 + 62 - -30 - 101?
72
Calculate -15 + 3 - ((-1 + 10 - -2) + (1567 - 1638)).
48
What is -167 - -147 - (-48 + -6)?
34
Evaluate (-15 + (10 - 16) - -44) + -10.
13
Calculate (20 + -28 - 87) + 152.
57
(15 + 113 - 133) + -2 + 1
-6
Calculate -12 + -3 + 1 + (-46 - (-92 - -43)).
-11
What is (1 - -13 - 24 - -8) + 12 - -126?
136
Evaluate -27 + -69 + 20 - 0 - -12.
-64
What is -12 + (6 - 1) - (1 - (5 - 8))?
-11
What is the value of (43 - 1) + -10 + -1 + 7 + (12 - 1)?
49
Evaluate -2 + 0 - ((4 - 38 - -6) + 21).
5
What is ((-1 - 19) + (-3 + 21 - 4) - -20) + -61?
-47
Calculate 15 + -38 + 10 + 0 + -1 + 26.
12
What is the value of -2 + 21 + 2 + (-55 - (0 - 51))?
17
67 + (17 + 19 - 86)
17
What is the value of (-1 - -1) + (70 - (21 - -90))?
-41
Calculate -38 - ((-13 - -171) + -91).
-105
-16 + (1 - -19) + (1 - 3 - -1)
3
What is the value of (39 - 45 - (0 - 13)) + (4 - -2) + -39?
-26
-12 - (-25 + 18 - (-1 + -1)) - -30
23
What is the value of 30 + -46 + -23 + 74 - 130?
-95
Evaluate -5 - (15 + -38 + 1 - 40).
57
(6 - (-4 - -18)) + (15 + 27 - -7)
41
Evaluate 112 - (-36 + 77 - -14).
57
What is (-2 - 5) + (-39 + 6 + -10 - (15 - 30))?
-35
Evaluate 11 + 1 + (-12 - -9 - 14) + -8 - 38.
-51
Calculate (80 - (2 - -2)) + (-42 - (-91 + 65)).
60
What is the value of -102 + 37 + (1 - -5)?
-59
What is the value of (1 - (0 + 1) - -36) + (-97 - -89)?
28
What is the value of -2 - (9 + -7 - (-29 - -27))?
-6
What is -8 + 1 - (932 - 974)?
35
Calculate (-72 - -66) + (-22 - -2) - -5.
-21
What is (-2 - -6) + -17 + 33 + -26 - -15?
9
What is the value of (18 - 11 - -7) + (-9 - -10) + -5?
10
-18 + ((-25 - -9) + 55 - 13)
8
What is the value of 12 - ((13 + -23 - -17) + 16)?
-11
Calculate -7 + -68 + 34 + 12.
-29
What is the value of -1399 + 1338 - (-2 + -52)?
-7
-35 + 11 - (-84 - (-47 + 89))
102
Calculate -26 + (18 - -15) + -11 + 3 + -31.
-32
25 - 35 - (1 + 20 + 23 + -32)
-22
72 - 44 - (-4 + 24 + -11 + -11)
30
-13 + -1 + 4 - (74 + -10 + -8 + -23)
-43
Calculate (16 - -15 - 18) + -39 - 12 - -18.
-20
43 + (-12 - 35) + 22
18
What is the value of -25 - (1 + ((15 - 12) + 6 - 3))?
-32
What is 30 + (8 - 3 - (-4 - (-2 - -3)))?
40
What is 20 + -41 + 14 - (-11 - 2) - (-1 + 15)?
-8
What is -1 + (-11 - -6) + (-4 - -16) - 3?
3
What is 0 + -46 + (2961 - 2913)?
2
What is the value of 7 - (29 + -7 + (-28 - -60))?
-47
Evaluate -10 + (35 - (-2 - 0)) + 631 + -619 + 8.
47
What is -17 - (-68 - (-5 - -25))?
71
What is the value of (-3 - -6) + (0 - (23 + 0) - (-277 - -280))?
-23
What is the value of -22 + (47 - 56) - -15?
-16
Calculate 5 - (12 + -1 + (-28 - 4) + 14).
12
Calculate (-4 - -4) + -4 - (-74 + 105).
-35
-14 + -115 + 1457 + -1194
134
Calculate -16 - (-27 + 12 + 88 - (24 + -17)).
-82
What is -317 - -274 - (0 + 9 + 0 + (1 - 3))?
-50
525 + -588 + (-10 - (-16 + -1))
-56
What is the value of -133 + 158 - (42 + 0) - -68?
51
Calculate 33 + -52 - 0 - 